 0*s + 191 = -4*s, 89 = -d + 5*s. Let n = v + d. What is the units digit of n?
1
Suppose 15*r = 158 + 622. Let d be (68/(-8))/(2/(-12)). Let k = r - d. What is the units digit of k?
1
Let m = -10015 - -16902. What is the tens digit of m?
8
Suppose -278*f = -274*f - 63551 + 20363. What is the tens digit of f?
9
Let o(q) = -q**2 - 9*q + 14. Let c be o(-10). Let b be (c + (-267)/(-9))*(1 + 2). Let u = b - 33. What is the units digit of u?
8
Suppose -5*b + 4*a + 79212 = 0, 3*b - 19708 = -2*a + 27850. What is the ten thousands digit of b?
1
Suppose 46*n - 125654 + 6634 = 38300. What is the tens digit of n?
2
Suppose -n = 2*t + 2 + 4, -3*t + 4 = -5*n. What is the tens digit of ((-9)/t)/(-9)*-1908?
5
Let l(v) = 36*v**2 + 10*v + 66. Let b be l(-5). Let a = 1646 - b. What is the tens digit of a?
3
Let w(t) = 11*t**2 - 39*t - 7. Let l(y) = -7*y**2 + 26*y + 5. Let r(o) = 8*l(o) + 5*w(o). Let h be r(14). What is the units digit of (-4 + 4/6)*h?
0
Suppose 3*s + 4*j - 9 = j, -12 = -4*s - 5*j. Suppose -4*a - s + 135 = 0. Let w = a + 58. What is the units digit of w?
1
Let c = 4812 - 3612. What is the thousands digit of c?
1
Suppose -2*r + 0 = 4*x - 36, 4*r + 4*x = 56. Let z be 9 + (-11 + 2 - 9) + 165. Let b = r + z. What is the hundreds digit of b?
1
Suppose 5*f = 15, 5*f - 2569 = -z + 882. What is the hundreds digit of z?
4
Let d(q) = 490*q - 1456. What is the thousands digit of d(25)?
0
Let l(t) = -t**2 + 9*t - 15. Let w be l(3). Let n = w - -64. What is the tens digit of n?
6
Let j(a) = a**2 + 10*a + 28. Let h be j(-14). Let b(p) = h*p + 1 - 64*p + 11. What is the units digit of b(4)?
2
Suppose -20 - 34 = 6*z. Let i(g) = g**2 + 3*g + 31. What is the units digit of i(z)?
5
Suppose -29*v - 502 = -27*v. Let g = v + 1722. What is the thousands digit of g?
1
Let s = -5091 + 12115. What is the thousands digit of s?
7
What is the tens digit of 8725/(-1)*(80 + -81)?
2
Suppose x = 4*x + 4*j - 991, -2*j = -5*x + 1669. Let z be -4 - (-60 - (5 - (5 - -4))). Suppose 5*d - z = x. What is the units digit of d?
7
Suppose -5*g - 2*g + 3*g = 0. Let r be g/(-1) - (-1)/(1/2). Suppose -2*c = -a + 41, -2*c + 61 = r*a + c. What is the tens digit of a?
3
Let c(x) = 17379*x - 4848. What is the thousands digit of c(2)?
9
Let t be -1*3/((-18)/(-1866)). Let o = 743 + t. What is the units digit of o?
2
Suppose -x = 2*w - 269, 914 = 3*x - 3*w + 125. Suppose -5*s + l + 0*l + 730 = 0, 2*s - x = -5*l. What is the hundreds digit of s?
1
Suppose -5*m = s - 8 + 21, -m - 13 = -5*s. Let a(q) = -56*q - 13. What is the units digit of a(m)?
5
Let a = 6419 + 7399. What is the ten thousands digit of a?
1
Suppose -19*k + 20 = -14*k. What is the hundreds digit of ((-4995)/(-30))/(2/k)?
3
Suppose 15*q = 5*q + 2080. Let k = q - -420. What is the tens digit of k?
2
Suppose 2*i - 5 = i. Suppose -2*j + 2*l = 6*l - 4, -i*j = 4*l - 16. Suppose 2*c = -j*y + 118, -7*y + 175 = 3*c - 2*y. What is the tens digit of c?
5
Suppose g - 132 = a - 428, 4*g = a - 1199. What is the hundreds digit of 1097/5 - (8 + g/35)?
2
Let y = -523 - -532. Suppose -5388 = 5*c - y*c. What is the hundreds digit of c?
3
Suppose -r + 24299 = t, 5*t - 1512*r - 121522 = -1508*r. What is the hundreds digit of t?
3
What is the thousands digit of 3632135/221 - (-6)/1?
6
Let t = -6021 + 10571. What is the thousands digit of t?
4
Suppose -w = 2*h + 1 - 11, 26 = 2*w + 2*h. Let m be ((-8*2)/2)/(4/w). Let g = m - -158. What is the units digit of g?
6
Let u = 42 + -42. Suppose -12*m + 41 + 7 = u. What is the hundreds digit of 3/(-12) + 637/m?
1
Suppose -21 = -10*l + 69. What is the hundreds digit of 4 - l - 14910/(-10)?
4
What is the tens digit of 1*(-228)/19 - -58343?
3
Let r(a) = -a**3 + 44*a**2 + 117*a + 134. What is the tens digit of r(42)?
7
Let v be ((-1)/2)/(28/(-336)). Suppose v*l = 15*l - 909. What is the units digit of l?
1
Suppose 9*t - 43428 = -5*t. What is the thousands digit of t?
3
Let s = -23 - -26. Suppose 0*g = 2*f - 3*g, -3*f = -s*g. Suppose 0 = 3*x - 2*w - f*w - 161, w = x - 52. What is the units digit of x?
7
Suppose 32080 = 4*h - 5*n - 27072, -20 = 5*n. What is the tens digit of h?
8
What is the hundreds digit of (9/(-6))/(-1)*(-2469950)/(-525)?
0
Let h = 695 + 1222. What is the units digit of h?
7
Let z(d) = -d**3 + 15*d**2 + 21*d - 4. Let h(k) = 3*k**2 + 2*k - 5. Suppose -3*p - 6 = s - 15, p = 4. Let g be h(s). What is the units digit of z(g)?
6
Let s be (-6 - -4) + 11 + -4. Suppose 0 = -4*f + s*f - 1, -3*a + 5*f = 5. Suppose a*j = 5*h - 4*j - 385, 3*j = 2*h - 161. What is the units digit of h?
3
Suppose 46 = d + 42. Suppose -3*y - d*v = -142, 4*y = -0*v - 4*v + 184. What is the hundreds digit of (244/6)/(7/y)?
2
Let a(r) = -15*r**2 - 7*r**3 + 7 + 21962*r - 21968*r + 21. What is the tens digit of a(-7)?
3
Suppose -39*o + 16 = -38*o. Suppose 2*s - 14 = -2*r, 5*s = 2*s - 2*r + o. What is the hundreds digit of ((-100)/15)/(s/(-54))?
1
What is the ten thousands digit of (-20 + 9)*38779/(-19)?
2
Let z = 3058 + 20428. What is the units digit of z?
6
Suppose 0 = 16*n - 39 - 25. Suppose 3*u = 710 + n. What is the hundreds digit of u?
2
Let x = 28 + 74. Let t be 1 - 3/12 - x/8. What is the tens digit of (-1 + -22)*-2*t/(-8)?
6
Suppose -3*g = -7*g. Let q(k) = -k**3 + k**2 + 82. Let b be q(g). Let m = 190 - b. What is the units digit of m?
8
Suppose -35*t + 88 = -13*t. Suppose 5*o = -3*j + 63, 0*j - 45 = -t*o + 3*j. What is the tens digit of o?
1
Let f(i) = -i**3 - 14*i**2 + 12*i + 36. Let t be f(-15). Suppose 0 = -78*k + t*k - 147. What is the tens digit of k?
4
Let d = -42 + 42. What is the hundreds digit of -5 - 3*(d + 1165/(-15))?
2
Let q be (6/(-5))/(-1)*70/21. Suppose -2*l - 2*x + 1616 = 0, -q*l + 3412 = -5*x + 144. What is the hundreds digit of l?
8
Let q(o) = 5*o**2 + o - 13. Let y be q(-6). Suppose -61 = 160*m - y*m. What is the tens digit of m?
6
Suppose -p = 4*p + 4*g - 2, -5*g = -3*p + 16. Suppose p*x - 18 = -q, 2*x + q - 26 = 4*q. What is the tens digit of x?
1
Let o(r) be the first derivative of r**4 - 2*r**3/3 + 5*r**2/2 - 2*r + 23. Let m be o(1). Suppose -m*l + 124 = -21. What is the tens digit of l?
2
What is the ten thousands digit of (13 - 4) + (-723235)/((-380)/20)?
3
Let f be 3 + (-4 - 44)/(-4). Suppose 0 = -3*d + h - 0 + 26, -2*d + f = -3*h. What is the hundreds digit of 7/(189/6) + 925/d?
1
Let r = 103145 + -62176. What is the hundreds digit of r?
9
Suppose 337 = -3*h + 5*o, -h - 4*o - 188 = h. Suppose -48 = 6*t + 42*t. What is the tens digit of (h/((-28)/(-7)))/(t + 0)?
2
What is the thousands digit of -4 + 4 + -7 + 6831 + 8?
6
Let y(x) = -x**3 + 4*x**2 - x + 8. Let o be y(4). Suppose o*c + 173 = 49. Let i = c + 41. What is the tens digit of i?
1
What is the hundreds digit of ((896/(-3))/4)/(-9 + (-8632)/(-960))?
9
Let x(u) = 73*u**2 + 20*u - 3. Suppose 118*b - 24 = 124*b. What is the thousands digit of x(b)?
1
Let g(p) = 8*p**2 - 4*p - 5. Suppose -2*i + 5 = 2*b - 3, 4*i - 21 = b. What is the tens digit of g(i)?
7
What is the tens digit of 2/12 + (-680025)/(-90) + 2?
5
Let d(q) = 25 + 14*q - q - 28. Let b be d(1). Suppose 10*z + b = 15*z. What is the units digit of z?
2
Suppose 5*q = w + 682, -2*q + 2*w = 2*q - 548. Let c = 779 - q. Let l = c + -420. What is the units digit of l?
3
What is the thousands digit of 76/(-19) + -12 + 21914?
1
Suppose g - 4170 = -4*u, -g - 5207 = -5*u - 5*g. Let o = -694 + u. Suppose -9*w = -o - 623. What is the hundreds digit of w?
1
Let n = -48 - -62. Let c be n - (4*(-9)/(-12))/1. Suppose c*r - 1364 = -11. What is the tens digit of r?
2
Let u be (2 + (-5)/3)*15. What is the units digit of (u + -36)/((-2)/22)?
1
Let u = -61833 - -88631. What is the units digit of u?
8
What is the thousands digit of (-32)/56 + (-4631922)/(-63)?
3
Suppose 491004 = -258*k + 3105834. What is the ten thousands digit of k?
1
Let g be -2*2/12 - 276/(-18). Suppose 567 = g*r - 12*r. What is the tens digit of r?
8
What is the hundreds digit of (-10199)/(-658)*1524/2?
8
Let f(b) = 76*b**3 - 5*b**2 - 1. Let d(g) = 227*g**3 - 14*g**2 - 3. Let h(s) = -6*d(s) + 17*f(s). Let o be -2*(0 + 4/8). What is the tens digit of h(o)?
7
Suppose -5*g - 2*p + 1954 = 0, 0*g - 5*p = 4*g - 1570. Suppose 0 = 2*f - 7*f + g. Let d = 4 + f. What is the units digit of d?
2
Let q = -1425 + 2238. What is the hundreds digit of q?
8